{"version":"1.0","provider_name":"R\u00e1dio Life FM","provider_url":"https:\/\/radiolifefm.com.br\/noticias","author_name":"ritanery","author_url":"https:\/\/radiolifefm.com.br\/noticias\/author\/ritanery\/","title":"Tiro de Guerra de Adamantina passa por inspe\u00e7\u00e3o - R\u00e1dio Life FM","type":"rich","width":600,"height":338,"html":"<blockquote class=\"wp-embedded-content\" data-secret=\"rX0NjScAi9\"><a href=\"https:\/\/radiolifefm.com.br\/noticias\/tiro-de-guerra-de-adamantina-passa-por-inspecao\/\">Tiro de Guerra de Adamantina passa por inspe\u00e7\u00e3o<\/a><\/blockquote><iframe sandbox=\"allow-scripts\" security=\"restricted\" src=\"https:\/\/radiolifefm.com.br\/noticias\/tiro-de-guerra-de-adamantina-passa-por-inspecao\/embed\/#?secret=rX0NjScAi9\" width=\"600\" height=\"338\" title=\"&#8220;Tiro de Guerra de Adamantina passa por inspe\u00e7\u00e3o&#8221; &#8212; R\u00e1dio Life FM\" data-secret=\"rX0NjScAi9\" frameborder=\"0\" marginwidth=\"0\" marginheight=\"0\" scrolling=\"no\" class=\"wp-embedded-content\"><\/iframe><script type=\"text\/javascript\">\n\/* <![CDATA[ *\/\n\/*! This file is auto-generated *\/\n!function(d,l){\"use strict\";l.querySelector&&d.addEventListener&&\"undefined\"!=typeof URL&&(d.wp=d.wp||{},d.wp.receiveEmbedMessage||(d.wp.receiveEmbedMessage=function(e){var t=e.data;if((t||t.secret||t.message||t.value)&&!\/[^a-zA-Z0-9]\/.test(t.secret)){for(var s,r,n,a=l.querySelectorAll('iframe[data-secret=\"'+t.secret+'\"]'),o=l.querySelectorAll('blockquote[data-secret=\"'+t.secret+'\"]'),c=new RegExp(\"^https?:$\",\"i\"),i=0;i<o.length;i++)o[i].style.display=\"none\";for(i=0;i<a.length;i++)s=a[i],e.source===s.contentWindow&&(s.removeAttribute(\"style\"),\"height\"===t.message?(1e3<(r=parseInt(t.value,10))?r=1e3:~~r<200&&(r=200),s.height=r):\"link\"===t.message&&(r=new URL(s.getAttribute(\"src\")),n=new URL(t.value),c.test(n.protocol))&&n.host===r.host&&l.activeElement===s&&(d.top.location.href=t.value))}},d.addEventListener(\"message\",d.wp.receiveEmbedMessage,!1),l.addEventListener(\"DOMContentLoaded\",function(){for(var e,t,s=l.querySelectorAll(\"iframe.wp-embedded-content\"),r=0;r<s.length;r++)(t=(e=s[r]).getAttribute(\"data-secret\"))||(t=Math.random().toString(36).substring(2,12),e.src+=\"#?secret=\"+t,e.setAttribute(\"data-secret\",t)),e.contentWindow.postMessage({message:\"ready\",secret:t},\"*\")},!1)))}(window,document);\n\/* ]]> *\/\n<\/script>\n","thumbnail_url":"https:\/\/radiolifefm.com.br\/noticias\/wp-content\/uploads\/2021\/10\/foto-6.jpeg","thumbnail_width":1187,"thumbnail_height":715,"description":"Na manh\u00e3 de ontem (20), o Tiro de Guerra de Adamantina 02080 foi submetido a inspe\u00e7\u00e3o realizada pelo Major M\u00e1rio Henrique Madureira. &nbsp; A vice-prefeita Maria de Lourdes Santos Gil e o secret\u00e1rio de administra\u00e7\u00e3o, Evandro Pereira de Souza recepcionaram o Major, representando o prefeito M\u00e1rcio Cardim que cumpre agenda em Bras\u00edlia. &nbsp; A inspe\u00e7\u00e3o [&hellip;]"}

Rádio Life FM

Tiro de Guerra de Adamantina passa por inspeção - Rádio Life FM

<blockquote class="wp-embedded-content" data-secret="rX0NjScAi9"><a href="https://radiolifefm.com.br/noticias/tiro-de-guerra-de-adamantina-passa-por-inspecao/">Tiro de Guerra de Adamantina passa por inspeção</a></blockquote><iframe sandbox="allow-scripts" security="restricted" src="https://radiolifefm.com.br/noticias/tiro-de-guerra-de-adamantina-passa-por-inspecao/embed/#?secret=rX0NjScAi9" width="600" height="338" title="&#8220;Tiro de Guerra de Adamantina passa por inspeção&#8221; &#8212; Rádio Life FM" data-secret="rX0NjScAi9" frameborder="0" marginwidth="0" marginheight="0" scrolling="no" class="wp-embedded-content"></iframe><script type="text/javascript">
/* <![CDATA[ */
/*! This file is auto-generated */
!function(d,l){"use strict";l.querySelector&&d.addEventListener&&"undefined"!=typeof URL&&(d.wp=d.wp||{},d.wp.receiveEmbedMessage||(d.wp.receiveEmbedMessage=function(e){var t=e.data;if((t||t.secret||t.message||t.value)&&!/[^a-zA-Z0-9]/.test(t.secret)){for(var s,r,n,a=l.querySelectorAll('iframe[data-secret="'+t.secret+'"]'),o=l.querySelectorAll('blockquote[data-secret="'+t.secret+'"]'),c=new RegExp("^https?:$","i"),i=0;i<o.length;i++)o[i].style.display="none";for(i=0;i<a.length;i++)s=a[i],e.source===s.contentWindow&&(s.removeAttribute("style"),"height"===t.message?(1e3<(r=parseInt(t.value,10))?r=1e3:~~r<200&&(r=200),s.height=r):"link"===t.message&&(r=new URL(s.getAttribute("src")),n=new URL(t.value),c.test(n.protocol))&&n.host===r.host&&l.activeElement===s&&(d.top.location.href=t.value))}},d.addEventListener("message",d.wp.receiveEmbedMessage,!1),l.addEventListener("DOMContentLoaded",function(){for(var e,t,s=l.querySelectorAll("iframe.wp-embedded-content"),r=0;r<s.length;r++)(t=(e=s[r]).getAttribute("data-secret"))||(t=Math.random().toString(36).substring(2,12),e.src+="#?secret="+t,e.setAttribute("data-secret",t)),e.contentWindow.postMessage({message:"ready",secret:t},"*")},!1)))}(window,document);
/* ]]> */
</script>

Na manhã de ontem (20), o Tiro de Guerra de Adamantina 02080 foi submetido a inspeção realizada pelo Major Mário Henrique Madureira. &nbsp; A vice-prefeita Maria de Lourdes Santos Gil e o secretário de administração, Evandro Pereira de Souza recepcionaram o Major, representando o prefeito Márcio Cardim que cumpre agenda em Brasília. &nbsp; A inspeção [&hellip;]
