{"version":"1.0","provider_name":"R\u00e1dio Life FM","provider_url":"https:\/\/radiolifefm.com.br\/noticias","author_name":"ritanery","author_url":"https:\/\/radiolifefm.com.br\/noticias\/author\/ritanery\/","title":"Prov\u00edncia e \u201cMadalenas\u201d arrependidas... - R\u00e1dio Life FM","type":"rich","width":600,"height":338,"html":"<blockquote class=\"wp-embedded-content\" data-secret=\"qpHOVjhzIy\"><a href=\"https:\/\/radiolifefm.com.br\/noticias\/provincia-e-madalenas-arrependidas\/\">Prov\u00edncia e \u201cMadalenas\u201d arrependidas&#8230;<\/a><\/blockquote><iframe sandbox=\"allow-scripts\" security=\"restricted\" src=\"https:\/\/radiolifefm.com.br\/noticias\/provincia-e-madalenas-arrependidas\/embed\/#?secret=qpHOVjhzIy\" width=\"600\" height=\"338\" title=\"&#8220;Prov\u00edncia e \u201cMadalenas\u201d arrependidas&#8230;&#8221; &#8212; R\u00e1dio Life FM\" data-secret=\"qpHOVjhzIy\" frameborder=\"0\" marginwidth=\"0\" marginheight=\"0\" scrolling=\"no\" class=\"wp-embedded-content\"><\/iframe><script type=\"text\/javascript\">\n\/* <![CDATA[ *\/\n\/*! This file is auto-generated *\/\n!function(d,l){\"use strict\";l.querySelector&&d.addEventListener&&\"undefined\"!=typeof URL&&(d.wp=d.wp||{},d.wp.receiveEmbedMessage||(d.wp.receiveEmbedMessage=function(e){var t=e.data;if((t||t.secret||t.message||t.value)&&!\/[^a-zA-Z0-9]\/.test(t.secret)){for(var s,r,n,a=l.querySelectorAll('iframe[data-secret=\"'+t.secret+'\"]'),o=l.querySelectorAll('blockquote[data-secret=\"'+t.secret+'\"]'),c=new RegExp(\"^https?:$\",\"i\"),i=0;i<o.length;i++)o[i].style.display=\"none\";for(i=0;i<a.length;i++)s=a[i],e.source===s.contentWindow&&(s.removeAttribute(\"style\"),\"height\"===t.message?(1e3<(r=parseInt(t.value,10))?r=1e3:~~r<200&&(r=200),s.height=r):\"link\"===t.message&&(r=new URL(s.getAttribute(\"src\")),n=new URL(t.value),c.test(n.protocol))&&n.host===r.host&&l.activeElement===s&&(d.top.location.href=t.value))}},d.addEventListener(\"message\",d.wp.receiveEmbedMessage,!1),l.addEventListener(\"DOMContentLoaded\",function(){for(var e,t,s=l.querySelectorAll(\"iframe.wp-embedded-content\"),r=0;r<s.length;r++)(t=(e=s[r]).getAttribute(\"data-secret\"))||(t=Math.random().toString(36).substring(2,12),e.src+=\"#?secret=\"+t,e.setAttribute(\"data-secret\",t)),e.contentWindow.postMessage({message:\"ready\",secret:t},\"*\")},!1)))}(window,document);\n\/* ]]> *\/\n<\/script>\n","thumbnail_url":"https:\/\/radiolifefm.com.br\/noticias\/wp-content\/uploads\/2022\/04\/WhatsApp-Image-2022-04-03-at-23.08.11.jpeg","thumbnail_width":1600,"thumbnail_height":1200,"description":"\u201cBreve \u00e9 a loucura, longo o arrependimento.\u201d (Friedrich Schiller) \u00a0 S\u00e9rgio Barbosa (*) Isso mesmo, do jeito que as coisas est\u00e3o caminhando nesta PROV\u00cdNCIA DO FAZ DE CONTA, tudo pode acontecer de um jeito ou de outro, ainda, para todos os lados de um mesmo lado&#8230; As denominadas MADALENAS ARREPENDIDAS, ou seja, pode ser deste [&hellip;]"}

Rádio Life FM

Província e “Madalenas” arrependidas... - Rádio Life FM

<blockquote class="wp-embedded-content" data-secret="qpHOVjhzIy"><a href="https://radiolifefm.com.br/noticias/provincia-e-madalenas-arrependidas/">Província e “Madalenas” arrependidas&#8230;</a></blockquote><iframe sandbox="allow-scripts" security="restricted" src="https://radiolifefm.com.br/noticias/provincia-e-madalenas-arrependidas/embed/#?secret=qpHOVjhzIy" width="600" height="338" title="&#8220;Província e “Madalenas” arrependidas&#8230;&#8221; &#8212; Rádio Life FM" data-secret="qpHOVjhzIy" frameborder="0" marginwidth="0" marginheight="0" scrolling="no" class="wp-embedded-content"></iframe><script type="text/javascript">
/* <![CDATA[ */
/*! This file is auto-generated */
!function(d,l){"use strict";l.querySelector&&d.addEventListener&&"undefined"!=typeof URL&&(d.wp=d.wp||{},d.wp.receiveEmbedMessage||(d.wp.receiveEmbedMessage=function(e){var t=e.data;if((t||t.secret||t.message||t.value)&&!/[^a-zA-Z0-9]/.test(t.secret)){for(var s,r,n,a=l.querySelectorAll('iframe[data-secret="'+t.secret+'"]'),o=l.querySelectorAll('blockquote[data-secret="'+t.secret+'"]'),c=new RegExp("^https?:$","i"),i=0;i<o.length;i++)o[i].style.display="none";for(i=0;i<a.length;i++)s=a[i],e.source===s.contentWindow&&(s.removeAttribute("style"),"height"===t.message?(1e3<(r=parseInt(t.value,10))?r=1e3:~~r<200&&(r=200),s.height=r):"link"===t.message&&(r=new URL(s.getAttribute("src")),n=new URL(t.value),c.test(n.protocol))&&n.host===r.host&&l.activeElement===s&&(d.top.location.href=t.value))}},d.addEventListener("message",d.wp.receiveEmbedMessage,!1),l.addEventListener("DOMContentLoaded",function(){for(var e,t,s=l.querySelectorAll("iframe.wp-embedded-content"),r=0;r<s.length;r++)(t=(e=s[r]).getAttribute("data-secret"))||(t=Math.random().toString(36).substring(2,12),e.src+="#?secret="+t,e.setAttribute("data-secret",t)),e.contentWindow.postMessage({message:"ready",secret:t},"*")},!1)))}(window,document);
/* ]]> */
</script>

“Breve é a loucura, longo o arrependimento.” (Friedrich Schiller)   Sérgio Barbosa (*) Isso mesmo, do jeito que as coisas estão caminhando nesta PROVÍNCIA DO FAZ DE CONTA, tudo pode acontecer de um jeito ou de outro, ainda, para todos os lados de um mesmo lado&#8230; As denominadas MADALENAS ARREPENDIDAS, ou seja, pode ser deste [&hellip;]
