{"version":"1.0","provider_name":"R\u00e1dio Life FM","provider_url":"https:\/\/radiolifefm.com.br\/noticias","author_name":"ritanery","author_url":"https:\/\/radiolifefm.com.br\/noticias\/author\/ritanery\/","title":"Papai Noel chega em Adamantina segunda-feira (13) - R\u00e1dio Life FM","type":"rich","width":600,"height":338,"html":"<blockquote class=\"wp-embedded-content\" data-secret=\"NcR4Dx5NSQ\"><a href=\"https:\/\/radiolifefm.com.br\/noticias\/papai-noel-chega-em-adamantina-segunda-feira-13\/\">Papai Noel chega em Adamantina segunda-feira (13)<\/a><\/blockquote><iframe sandbox=\"allow-scripts\" security=\"restricted\" src=\"https:\/\/radiolifefm.com.br\/noticias\/papai-noel-chega-em-adamantina-segunda-feira-13\/embed\/#?secret=NcR4Dx5NSQ\" width=\"600\" height=\"338\" title=\"&#8220;Papai Noel chega em Adamantina segunda-feira (13)&#8221; &#8212; R\u00e1dio Life FM\" data-secret=\"NcR4Dx5NSQ\" frameborder=\"0\" marginwidth=\"0\" marginheight=\"0\" scrolling=\"no\" class=\"wp-embedded-content\"><\/iframe><script type=\"text\/javascript\">\n\/* <![CDATA[ *\/\n\/*! This file is auto-generated *\/\n!function(d,l){\"use strict\";l.querySelector&&d.addEventListener&&\"undefined\"!=typeof URL&&(d.wp=d.wp||{},d.wp.receiveEmbedMessage||(d.wp.receiveEmbedMessage=function(e){var t=e.data;if((t||t.secret||t.message||t.value)&&!\/[^a-zA-Z0-9]\/.test(t.secret)){for(var s,r,n,a=l.querySelectorAll('iframe[data-secret=\"'+t.secret+'\"]'),o=l.querySelectorAll('blockquote[data-secret=\"'+t.secret+'\"]'),c=new RegExp(\"^https?:$\",\"i\"),i=0;i<o.length;i++)o[i].style.display=\"none\";for(i=0;i<a.length;i++)s=a[i],e.source===s.contentWindow&&(s.removeAttribute(\"style\"),\"height\"===t.message?(1e3<(r=parseInt(t.value,10))?r=1e3:~~r<200&&(r=200),s.height=r):\"link\"===t.message&&(r=new URL(s.getAttribute(\"src\")),n=new URL(t.value),c.test(n.protocol))&&n.host===r.host&&l.activeElement===s&&(d.top.location.href=t.value))}},d.addEventListener(\"message\",d.wp.receiveEmbedMessage,!1),l.addEventListener(\"DOMContentLoaded\",function(){for(var e,t,s=l.querySelectorAll(\"iframe.wp-embedded-content\"),r=0;r<s.length;r++)(t=(e=s[r]).getAttribute(\"data-secret\"))||(t=Math.random().toString(36).substring(2,12),e.src+=\"#?secret=\"+t,e.setAttribute(\"data-secret\",t)),e.contentWindow.postMessage({message:\"ready\",secret:t},\"*\")},!1)))}(window,document);\n\/* ]]> *\/\n<\/script>\n","thumbnail_url":"https:\/\/radiolifefm.com.br\/noticias\/wp-content\/uploads\/2021\/12\/d0d0e92e4b34b8ff09c823d20f886cb9.jpg","thumbnail_width":656,"thumbnail_height":465,"description":"Adamantina est\u00e1 iluminada com o acender das luzes do Natal M\u00e1gico. Agora, a festa estar\u00e1 completa com a chegada do Papai Noel. O bom velhinho estar\u00e1 em Adamantina na segunda-feira, dia 13, a partir das 20h na Pra\u00e7a \u00c9lio Micheloni. A chegada dele como em todos os anos \u00e9 cercada de mist\u00e9rio e junto com [&hellip;]"}

Rádio Life FM

Papai Noel chega em Adamantina segunda-feira (13) - Rádio Life FM

<blockquote class="wp-embedded-content" data-secret="NcR4Dx5NSQ"><a href="https://radiolifefm.com.br/noticias/papai-noel-chega-em-adamantina-segunda-feira-13/">Papai Noel chega em Adamantina segunda-feira (13)</a></blockquote><iframe sandbox="allow-scripts" security="restricted" src="https://radiolifefm.com.br/noticias/papai-noel-chega-em-adamantina-segunda-feira-13/embed/#?secret=NcR4Dx5NSQ" width="600" height="338" title="&#8220;Papai Noel chega em Adamantina segunda-feira (13)&#8221; &#8212; Rádio Life FM" data-secret="NcR4Dx5NSQ" frameborder="0" marginwidth="0" marginheight="0" scrolling="no" class="wp-embedded-content"></iframe><script type="text/javascript">
/* <![CDATA[ */
/*! This file is auto-generated */
!function(d,l){"use strict";l.querySelector&&d.addEventListener&&"undefined"!=typeof URL&&(d.wp=d.wp||{},d.wp.receiveEmbedMessage||(d.wp.receiveEmbedMessage=function(e){var t=e.data;if((t||t.secret||t.message||t.value)&&!/[^a-zA-Z0-9]/.test(t.secret)){for(var s,r,n,a=l.querySelectorAll('iframe[data-secret="'+t.secret+'"]'),o=l.querySelectorAll('blockquote[data-secret="'+t.secret+'"]'),c=new RegExp("^https?:$","i"),i=0;i<o.length;i++)o[i].style.display="none";for(i=0;i<a.length;i++)s=a[i],e.source===s.contentWindow&&(s.removeAttribute("style"),"height"===t.message?(1e3<(r=parseInt(t.value,10))?r=1e3:~~r<200&&(r=200),s.height=r):"link"===t.message&&(r=new URL(s.getAttribute("src")),n=new URL(t.value),c.test(n.protocol))&&n.host===r.host&&l.activeElement===s&&(d.top.location.href=t.value))}},d.addEventListener("message",d.wp.receiveEmbedMessage,!1),l.addEventListener("DOMContentLoaded",function(){for(var e,t,s=l.querySelectorAll("iframe.wp-embedded-content"),r=0;r<s.length;r++)(t=(e=s[r]).getAttribute("data-secret"))||(t=Math.random().toString(36).substring(2,12),e.src+="#?secret="+t,e.setAttribute("data-secret",t)),e.contentWindow.postMessage({message:"ready",secret:t},"*")},!1)))}(window,document);
/* ]]> */
</script>

Adamantina está iluminada com o acender das luzes do Natal Mágico. Agora, a festa estará completa com a chegada do Papai Noel. O bom velhinho estará em Adamantina na segunda-feira, dia 13, a partir das 20h na Praça Élio Micheloni. A chegada dele como em todos os anos é cercada de mistério e junto com [&hellip;]
