{"version":"1.0","provider_name":"R\u00e1dio Life FM","provider_url":"https:\/\/radiolifefm.com.br\/noticias","author_name":"lifefm","author_url":"https:\/\/radiolifefm.com.br\/noticias\/author\/lifefm\/","title":"IBGE inicia a coleta das pesquisas econ\u00f4micas 2020 - R\u00e1dio Life FM","type":"rich","width":600,"height":338,"html":"<blockquote class=\"wp-embedded-content\" data-secret=\"MsYJnL5LjN\"><a href=\"https:\/\/radiolifefm.com.br\/noticias\/ibge-inicia-a-coleta-das-pesquisas-economicas-2020\/\">IBGE inicia a coleta das pesquisas econ\u00f4micas 2020<\/a><\/blockquote><iframe sandbox=\"allow-scripts\" security=\"restricted\" src=\"https:\/\/radiolifefm.com.br\/noticias\/ibge-inicia-a-coleta-das-pesquisas-economicas-2020\/embed\/#?secret=MsYJnL5LjN\" width=\"600\" height=\"338\" title=\"&#8220;IBGE inicia a coleta das pesquisas econ\u00f4micas 2020&#8221; &#8212; R\u00e1dio Life FM\" data-secret=\"MsYJnL5LjN\" frameborder=\"0\" marginwidth=\"0\" marginheight=\"0\" scrolling=\"no\" class=\"wp-embedded-content\"><\/iframe><script type=\"text\/javascript\">\n\/* <![CDATA[ *\/\n\/*! This file is auto-generated *\/\n!function(d,l){\"use strict\";l.querySelector&&d.addEventListener&&\"undefined\"!=typeof URL&&(d.wp=d.wp||{},d.wp.receiveEmbedMessage||(d.wp.receiveEmbedMessage=function(e){var t=e.data;if((t||t.secret||t.message||t.value)&&!\/[^a-zA-Z0-9]\/.test(t.secret)){for(var s,r,n,a=l.querySelectorAll('iframe[data-secret=\"'+t.secret+'\"]'),o=l.querySelectorAll('blockquote[data-secret=\"'+t.secret+'\"]'),c=new RegExp(\"^https?:$\",\"i\"),i=0;i<o.length;i++)o[i].style.display=\"none\";for(i=0;i<a.length;i++)s=a[i],e.source===s.contentWindow&&(s.removeAttribute(\"style\"),\"height\"===t.message?(1e3<(r=parseInt(t.value,10))?r=1e3:~~r<200&&(r=200),s.height=r):\"link\"===t.message&&(r=new URL(s.getAttribute(\"src\")),n=new URL(t.value),c.test(n.protocol))&&n.host===r.host&&l.activeElement===s&&(d.top.location.href=t.value))}},d.addEventListener(\"message\",d.wp.receiveEmbedMessage,!1),l.addEventListener(\"DOMContentLoaded\",function(){for(var e,t,s=l.querySelectorAll(\"iframe.wp-embedded-content\"),r=0;r<s.length;r++)(t=(e=s[r]).getAttribute(\"data-secret\"))||(t=Math.random().toString(36).substring(2,12),e.src+=\"#?secret=\"+t,e.setAttribute(\"data-secret\",t)),e.contentWindow.postMessage({message:\"ready\",secret:t},\"*\")},!1)))}(window,document);\n\/* ]]> *\/\n<\/script>\n","thumbnail_url":"https:\/\/radiolifefm.com.br\/noticias\/wp-content\/uploads\/2020\/04\/IBGE-Senso-2020_Cortada.jpg","thumbnail_width":1200,"thumbnail_height":630,"description":"Durante o m\u00eas de abril o IBGE iniciar\u00e1 os trabalhos de coleta da Pesquisa Anual do Com\u00e9rcio, Pesquisa Anual de Servi\u00e7os, Pesquisa Industrial Anual e Pesquisa Anual da Ind\u00fastria da Constru\u00e7\u00e3o. Ser\u00e3o obtidas informa\u00e7\u00f5es referentes ao ano base de 2019, como dados cadastrais, receitas, despesas, sal\u00e1rios e pessoal ocupado. As empresas s\u00e3o pr\u00e9-selecionadas pelo IBGE, [&hellip;]"}

Rádio Life FM

IBGE inicia a coleta das pesquisas econômicas 2020 - Rádio Life FM

<blockquote class="wp-embedded-content" data-secret="MsYJnL5LjN"><a href="https://radiolifefm.com.br/noticias/ibge-inicia-a-coleta-das-pesquisas-economicas-2020/">IBGE inicia a coleta das pesquisas econômicas 2020</a></blockquote><iframe sandbox="allow-scripts" security="restricted" src="https://radiolifefm.com.br/noticias/ibge-inicia-a-coleta-das-pesquisas-economicas-2020/embed/#?secret=MsYJnL5LjN" width="600" height="338" title="&#8220;IBGE inicia a coleta das pesquisas econômicas 2020&#8221; &#8212; Rádio Life FM" data-secret="MsYJnL5LjN" frameborder="0" marginwidth="0" marginheight="0" scrolling="no" class="wp-embedded-content"></iframe><script type="text/javascript">
/* <![CDATA[ */
/*! This file is auto-generated */
!function(d,l){"use strict";l.querySelector&&d.addEventListener&&"undefined"!=typeof URL&&(d.wp=d.wp||{},d.wp.receiveEmbedMessage||(d.wp.receiveEmbedMessage=function(e){var t=e.data;if((t||t.secret||t.message||t.value)&&!/[^a-zA-Z0-9]/.test(t.secret)){for(var s,r,n,a=l.querySelectorAll('iframe[data-secret="'+t.secret+'"]'),o=l.querySelectorAll('blockquote[data-secret="'+t.secret+'"]'),c=new RegExp("^https?:$","i"),i=0;i<o.length;i++)o[i].style.display="none";for(i=0;i<a.length;i++)s=a[i],e.source===s.contentWindow&&(s.removeAttribute("style"),"height"===t.message?(1e3<(r=parseInt(t.value,10))?r=1e3:~~r<200&&(r=200),s.height=r):"link"===t.message&&(r=new URL(s.getAttribute("src")),n=new URL(t.value),c.test(n.protocol))&&n.host===r.host&&l.activeElement===s&&(d.top.location.href=t.value))}},d.addEventListener("message",d.wp.receiveEmbedMessage,!1),l.addEventListener("DOMContentLoaded",function(){for(var e,t,s=l.querySelectorAll("iframe.wp-embedded-content"),r=0;r<s.length;r++)(t=(e=s[r]).getAttribute("data-secret"))||(t=Math.random().toString(36).substring(2,12),e.src+="#?secret="+t,e.setAttribute("data-secret",t)),e.contentWindow.postMessage({message:"ready",secret:t},"*")},!1)))}(window,document);
/* ]]> */
</script>

Durante o mês de abril o IBGE iniciará os trabalhos de coleta da Pesquisa Anual do Comércio, Pesquisa Anual de Serviços, Pesquisa Industrial Anual e Pesquisa Anual da Indústria da Construção. Serão obtidas informações referentes ao ano base de 2019, como dados cadastrais, receitas, despesas, salários e pessoal ocupado. As empresas são pré-selecionadas pelo IBGE, [&hellip;]
